 = 29 - 17. Let y(d) = d**2 - 6*d - 5. Let r be y(6). Let l = r - -13. What is the highest common factor of l and p?
4
Suppose -5*h - 26 = -4*d, 3*h = 5*d - 2*h - 35. Suppose 2*n - 85 = -3*v, 59 = 2*v - 3*n + 11. Calculate the highest common factor of v and d.
9
Let t = 14 - -49. Calculate the greatest common factor of 7 and t.
7
Suppose 5*x + 24 = 4*g + 72, -2*x + g + 21 = 0. Let h = 13 - 7. What is the greatest common factor of h and x?
6
Let n(g) = g**2 - g + 1. Let x be n(0). Let m = 1 + 4. Suppose -16 = -m*i + p, -2*i = 4*p - 6*p. What is the highest common factor of i and x?
1
Suppose n + 25 = 4*c, -5*c = -5*n - 23 - 12. Let x(t) = 5*t**2 + t + 2. Let m be x(2). Calculate the highest common divisor of c and m.
6
Let i = 12 + 63. Calculate the greatest common factor of 50 and i.
25
Suppose 5*k + 528 = 9*k. What is the greatest common divisor of 12 and k?
12
Let h(z) = -11*z + 4. Let f be h(-6). Let l be -3 - -4 - (-27 - 0). Calculate the highest common factor of f and l.
14
Suppose 0*d + 48 = -3*d. Let x = 27 + d. Calculate the highest common factor of x and 33.
11
Let c be (-4)/(-3)*33/2. Let d be 1/3*0/3. Suppose d*m - m = -11. Calculate the greatest common factor of c and m.
11
Let r be (-228)/(-5) - 4/(-10). Calculate the greatest common factor of 414 and r.
46
Let z = 97 + 92. What is the greatest common factor of 21 and z?
21
Let m be 1 + (3 - -2) - 2. Suppose -5*h + 3*h = 2, 0 = 2*r + 2*h - m. Suppose 3*l - i = 16, 12 + 1 = 2*l - r*i. What is the greatest common factor of l and 55?
5
Let w(c) = -2*c + 1. Let m be ((-126)/54)/(2/6). Let o be w(m). What is the highest common factor of 15 and o?
15
Let h(n) be the third derivative of n**6/60 - 13*n**5/60 - 5*n**4/24 - n**3/6 + 10*n**2. Let y be h(7). Calculate the highest common factor of y and 39.
13
Suppose 6*b = -57 + 195. What is the highest common factor of b and 92?
23
Suppose 0 = 3*l - 5*l - 78. Let g = l - -17. Let u = 148 + g. What is the greatest common factor of u and 14?
14
Let b = -92 + 141. Let y = b - 33. What is the greatest common divisor of 8 and y?
8
Let z(k) = 0 + 3 + 0 + 4*k + 0*k. Let l be z(3). What is the highest common factor of 105 and l?
15
Let x(g) = -2*g + 6. Suppose 0 = 4*c - a + 20, 3*c - 3*a = -8 - 7. Let r be x(c). What is the highest common factor of 48 and r?
16
Let t be 11/2 + 1/(-2). Let q = t + -2. Calculate the highest common factor of 15 and q.
3
Suppose 13 = 2*a - 2*v - 39, -6 = 3*v. What is the greatest common divisor of 84 and a?
12
Suppose -b = -5*b. Let g be (b - 0) + 90/2. Let j be -2 - (-32)/15 - 219/(-45). What is the highest common factor of g and j?
5
Suppose 2*w - 8*w + 390 = 0. Calculate the highest common factor of 13 and w.
13
Suppose 0 = 4*r - 1 - 87. Calculate the greatest common divisor of 198 and r.
22
Let j(v) = 4*v**2 + 2*v - 1. Let l be j(1). Suppose 5*w = -2*r + 270 + 90, -l*w + 2*r + 360 = 0. Calculate the highest common factor of w and 9.
9
Suppose a + 9 = 2. Let m = 11 + a. Suppose -m*u - 11 + 35 = -2*z, -5*u + 2*z = -28. What is the highest common factor of u and 2?
2
Let r = 24 - 12. Suppose -5*b - 27 + 4 = -3*v, -5*b = v - 1. Calculate the greatest common divisor of v and r.
6
Let i = 0 + -1. Let y be (i/(-1)*-1)/(-1). What is the greatest common divisor of 2 and y?
1
Suppose 0 = 5*b - 5*i - 145, -2*b + 2*i = -5*b + 77. Let a(u) = -u**2 + 6*u + 4. Let q be a(5). Calculate the highest common divisor of b and q.
9
Let r = -5 - -6. Let g be (r - 0)*(-3 + 6). Suppose -s - 10 = -g*s. Calculate the greatest common factor of s and 10.
5
Let x(o) = o**3 + 3*o**2 - 2*o - 1. Let h be x(3). Calculate the greatest common divisor of h and 517.
47
Suppose d + 100 = 6*d. What is the greatest common divisor of 50 and d?
10
Suppose -1 = 3*m - 10. Let k = -59 - -61. What is the greatest common factor of m and k?
1
Let t(c) = -c**3 - 6*c**2 - 3*c - 5. Let j be t(-7). Calculate the greatest common divisor of j and 26.
13
Let c be (2 - 5/2)*8 - -68. Let s be (-33)/(-4) + (-1)/4. What is the greatest common factor of s and c?
8
Let o be (1 + (-68)/3)*-3. Let q(j) = 8*j**2 + 7*j + 4. Let t be q(-4). Suppose 0 = -6*r + 2*r + t. What is the greatest common divisor of o and r?
13
Let z(o) = o**2 - 7*o + 3. Let a be z(7). Suppose -a*t + 7*t = -r + 46, 5*t - 3*r = 49. Calculate the highest common divisor of 11 and t.
11
Let q = 6 + -8. Let o be 370/40 - q/(-8). What is the greatest common divisor of o and 1?
1
Suppose 5*r = 3*r + 32. Let d = r + 6. What is the greatest common factor of 44 and d?
22
Let b be 0/(2*3/(-6)). Let t = 3 - b. Let h = -25 - -46. Calculate the highest common factor of t and h.
3
Let h = 4 + 0. Suppose -a = h*a - 30. What is the highest common divisor of a and 18?
6
Suppose -15 = -5*x - 0. Suppose x*w - 20 = -2*w. Suppose -g + 3*y = -3, 0 = -w*g + 2*g + y + 11. What is the greatest common factor of g and 9?
3
Suppose -30 = -n - 10. What is the greatest common divisor of n and 30?
10
Let q be -3*(440/(-6))/5. Suppose -27 = -2*j + a, -q = -4*j + 3*a + 13. Calculate the greatest common factor of j and 3.
3
Let l be 4/(-12)*3 + 1 + 46. Calculate the greatest common factor of l and 138.
46
Let q(z) = 5*z**3 + 4*z**2 - 2*z - 2. Let r be q(-3). Let c = r + 56. Let x be -1*(-3)/(-9)*c. Calculate the greatest common factor of x and 78.
13
Suppose 2 = 5*m - 2*d, 3*d + 3 = 4*m - 0*d. Suppose m = -3*n + n + 108. Let q = -12 - -18. Calculate the greatest common divisor of n and q.
6
Let j be -4*(0 - (0 + 2)). Let a = 68 - 36. What is the greatest common divisor of a and j?
8
Suppose 0 = -16*q + 18*q - 18. Let t = -58 - -34. Let i be t/10*(-60)/8. What is the greatest common divisor of i and q?
9
Suppose 0 = -4*i + 34 - 6. Let z = i - 5. Suppose 3*d = -8*s + 3*s + 44, z*s = 4*d + 2. Calculate the greatest common factor of s and 14.
7
Let s(t) = 8*t - 10. Let p be s(5). Calculate the highest common divisor of p and 6.
6
Let l(o) = 2*o - 18. Let x be l(16). What is the greatest common factor of x and 14?
14
Suppose 2*q = m - 118, -3*m - m - 5*q + 433 = 0. Let r be m/10 + (-1)/5. Calculate the greatest common divisor of 22 and r.
11
Let g be 10/(-20) + 9/2. Let a be g/3*63/14. What is the highest common factor of 4 and a?
2
Suppose 0 = 4*x + 4*r + 4, 0 = 3*x - 4*x + 4*r + 19. Calculate the greatest common factor of x and 33.
3
Let m be 87/27 - 2/9. Suppose -2*i - m*y = -72, -96 = -2*i + 6*y - 3*y. Calculate the highest common divisor of i and 14.
14
Let p = -53 - -93. Calculate the greatest common factor of p and 60.
20
Let i(q) = -q**2 + 8*q - 8. Let l be i(6). Suppose -20 = l*n, -3*t + 5*n = -t - 53. What is the greatest common factor of 154 and t?
14
Suppose 5*p = p - 20. Let j = 0 - p. Let q be 54 - -2*1/2. Calculate the highest common divisor of j and q.
5
Let h(l) = 5*l + 4*l**2 - 4*l - l**3 - 4*l**2 + l**2 + 6. Let o be h(0). What is the highest common divisor of 54 and o?
6
Let g(f) be the second derivative of f**5/20 + 3*f**4/4 + 2*f**3/3 - 7*f**2/2 + f. Let x be g(-6). What is the greatest common factor of x and 7?
7
Let n be -2*2*(-3)/6. Let z be (n - -17*3) + -3. What is the greatest common divisor of z and 10?
10
Suppose 2*b - 3*b = -3. Let a = 7 - b. Calculate the greatest common divisor of 36 and a.
4
Let x(u) = u**3 - 9*u**2 + 7*u + 10. Let r be x(8). Suppose -5*b - 35 = -2*c, 0 = -r*c - 3*b + 13 + 14. Calculate the highest common divisor of c and 165.
15
Let f be (-9)/6*(-12)/9. Suppose -92 = -t - f*t + 2*b, 2*t = 2*b + 60. Suppose 8*o - 20 = 3*o. Calculate the highest common factor of t and o.
4
Let y be (4/10)/(3/15). Suppose 4*g + 9 = -5*q, 0 = -g + 3*g + y*q + 2. Suppose g + 2 = -3*n, -2*o + 4*n = -32. What is the highest common divisor of 132 and o?
12
Let o(c) = 8 - 2 - c**3 + c + 5*c**2 - 3*c + 8*c. Let u be o(6). What is the highest common divisor of 2 and u?
2
Let n = -60 + 89. What is the highest common factor of n and 29?
29
Let x(p) = p + 16. Let i be x(-11). Suppose 5 = 5*v + i*f, 4 = -5*v - 3*f + 9. Calculate the greatest common factor of v and 3.
1
Suppose -m + 60 + 10 = 0. Calculate the greatest common factor of m and 105.
35
Suppose z - 76 = -3*z. Suppose -152 = -4*f + 3*f. Calculate the highest common divisor of f and z.
19
Let r be 61 + -3 + 5 + -2. Let l = 113 - r. Let z = -10 + 23. What is the hi